 units digit of 3 - -5*(-1)/q?
8
Let j be ((-184)/(-12))/((-4)/(-12)). Let u = j + -136. Let l = u + 132. What is the units digit of l?
2
Suppose -3*m - 12 = -4*z - 2*m, 4*z - 12 = -m. Suppose 0*n + z*n + 138 = 0. Let o = n + 100. What is the units digit of o?
4
What is the tens digit of -2*(8 + -7 + -2124)?
4
Let p(m) = -m**3 + 9*m**2 + 24*m - 22. Let i be p(11). Suppose 2*r - 151 - 159 = i. What is the hundreds digit of r?
1
Let q(m) = 7*m**2 + 18*m - 9. Let f(u) = -3*u**2 - 9*u + 4. Let n(b) = -9*f(b) - 4*q(b). What is the units digit of n(7)?
4
Let x be 1/2*-16 + -1. What is the units digit of (-2)/x - (-41160)/189?
8
Let u be (-645)/(-10) - 1/2. Suppose -6*b + 2*b + u = z, -3*b = 4*z - 61. Let r = 4 + b. What is the tens digit of r?
1
Let u(h) = -3 + 0 + 0*h - 9*h - 13 + h**3 + 10*h**2. Let w be u(-9). Suppose 50 = 4*b - w. What is the units digit of b?
9
Suppose 7*f - 25*f + 7272 = 0. What is the units digit of f?
4
Let u(h) be the first derivative of -11*h - 9/2*h**2 + 2 + 1/3*h**3. What is the tens digit of u(11)?
1
What is the hundreds digit of 1*1479 - (10 + -14 - 1)?
4
Suppose 0 = 3*x - 3 - 39. What is the units digit of (x - 15)/(1/(-42))?
2
Suppose 22 = -z - g, 6*z - z - 3*g = -94. Let m = -179 + 154. Let y = z - m. What is the units digit of y?
5
Let k(h) = -144*h - 1237. What is the hundreds digit of k(-29)?
9
Let h be 6/9 - (-24)/18. Suppose -h*f + 4*i + 128 = 0, 3*i - 4 = 5*i. What is the units digit of f?
0
Let d(c) = c**3 - c**2 - c + 2. Let u = -5 - -5. Let n be d(u). Suppose n*l + 3*r = 82, -2*l + 54 = 3*r - 7*r. What is the units digit of l?
5
Let p(l) = -l**3 + 7*l**2 + 10*l + 4. Let a be p(8). Suppose -4*h + a = -0*h. Suppose 2*z + 3 - h = 0. What is the units digit of z?
1
Suppose 0 = 2*j - s - 3*s - 36, -9 = 2*j + 5*s. Let k be (-9)/(-3 - (-20)/j). Suppose 0 = -0*c - c + k. What is the tens digit of c?
1
Suppose -41*u + 28*u + 6448 = 0. What is the hundreds digit of u?
4
Let m = -15 - -20. Suppose -4*z + 0*z = -12, 3*z + 316 = m*v. What is the units digit of v?
5
Let k(p) = p**3 - 6*p**2 - 2*p + 14. Let l be k(6). Suppose 2*d - l = 18. What is the units digit of 1504/40 - (-4)/d?
8
Let x = -127 - -129. Suppose -s - p + 21 + 22 = 0, 0 = -5*s - x*p + 212. What is the units digit of s?
2
Let b(f) = f**2 + 10*f + 15. Let x be -14*(4 - 1 - (1 - -1)). What is the units digit of b(x)?
1
What is the units digit of 61 + (7 - -2) + -1?
9
Suppose -4*f + 2*f = 0. Suppose -2*i - i + 18 = f. Suppose i*s - s - 135 = 0. What is the units digit of s?
7
Suppose -3 = h - 0*h. What is the tens digit of (155/5)/((-1)/h)?
9
Let b(u) = -7*u**3 + 13*u**2 - 22*u + 13. Let v(j) = -6*j**3 + 14*j**2 - 22*j + 13. Let i(n) = 5*b(n) - 6*v(n). What is the units digit of i(18)?
9
What is the tens digit of (1/(-2))/(-4*(-4)/(-17280))?
4
Let d(u) = -4*u + 25. Let r be 6/(-2) - (2 - -1). What is the tens digit of d(r)?
4
Let c = 87 + 339. Suppose 1 = 5*f - 24, 2*f - c = -2*o. What is the tens digit of o?
0
Suppose -72 = -5*j + 8. Let w = -13 + j. What is the units digit of w?
3
Let u = -4955 + 10820. What is the tens digit of u?
6
Suppose 3*s + 3 = 18. Suppose 253 = -5*p - 4*m, -p = -0*m - s*m + 39. Let d = -21 - p. What is the tens digit of d?
2
Let s(d) = -3*d + 2*d - 1 + 3*d - 3*d. Let l be s(-4). Suppose -k + l*k - 14 = 0. What is the units digit of k?
7
Suppose -5*g = -5*s - 10, -5*s + g + 40 = 6*g. What is the tens digit of 6/s*(-3 - -31)?
5
Suppose 11*t = 16*t - 5. Suppose 5*k = z + 701, -t = -z - 2. Suppose -190 = -5*h + k. What is the units digit of h?
6
Let v be ((-20)/(-8))/(15/12). Suppose 5*i = -4*d + 385, -v*d + 3*i + 193 = 6*i. Suppose d = 3*b + 8. What is the tens digit of b?
2
Suppose -23 = -2*z + 25. Let h = z + -21. Suppose 0 = -h*w - 2 + 8. What is the units digit of w?
2
Let m(t) = 5*t**2 - t - 9. Let r be m(7). Suppose 5*y - r = 196. What is the units digit of y?
5
Suppose u + 9 = 2*d, -2*d - 5*u - 20 = -7*d. Let s = 114 + -106. Let m = s - d. What is the units digit of m?
3
Let q(i) = 8*i**3 - i**2 - 2*i + 3. Suppose 7*r = -a + 4*r + 14, a = 4*r - 7. Let g = 7 - a. What is the tens digit of q(g)?
5
Let l(b) = b**3 - 5*b**2 - 7*b + 8. Let z be l(6). Suppose z*u + 9 = -w + 91, -8 = 2*u. What is the tens digit of w?
9
Let x = 5196 - 3479. What is the thousands digit of x?
1
What is the tens digit of ((-177230)/222)/(10/(-36))?
7
Let f(k) = -2*k + 6. Suppose a = -0*a + 5. Let q be f(a). What is the tens digit of 3/(-6) - 42/q?
1
Suppose 47069 = 259*t - 248*t. What is the thousands digit of t?
4
What is the tens digit of 802 - (-5 + 5 + (-4 - -1))?
0
Let n(s) be the first derivative of -6*s**4 - s**3 - s**2 + 15. What is the tens digit of n(-1)?
2
Suppose 0 = 3*j - 3*t - 28 + 10, -31 = -5*j + 4*t. What is the tens digit of 2/j - 6*(-1251)/42?
7
Suppose -w + 64 = -0. What is the tens digit of -3*((-11)/4)/(6/w)?
8
Let c(l) = -4*l**3 - 73*l**2 + 37*l + 80. Let z(p) = p**3 + 18*p**2 - 9*p - 20. Let g(y) = 2*c(y) + 9*z(y). What is the tens digit of g(-16)?
9
Let r = 277 - 122. Suppose -17*v = -12*v - r. What is the tens digit of v?
3
Suppose 3*l - 5*k = 7983, -2*l + 3710 = 3*k - 1593. What is the thousands digit of l?
2
Suppose -2*b + 153 + 349 = 0. What is the hundreds digit of b?
2
Let q(v) = v**3 + 9*v**2 + 8*v - 1. Let z be q(-8). Let m = z + 2. Suppose 0 = 5*p + 5*o + m + 4, 0 = -2*p + 2*o + 6. What is the units digit of p?
1
Suppose 31*m - 144333 = -35802. What is the tens digit of m?
0
Suppose -30 = -5*b - 2*n, 0 = -2*b + b - 5*n + 29. Suppose 0*z + z - 5 = 2*g, g = 2*z - b. What is the units digit of 6/(-3)*-1 - z?
1
Let p(h) = -7*h - 8. Suppose -3*m + 36 = -8*m + 2*s, 0 = 2*s - 6. What is the tens digit of p(m)?
3
Let b(l) = 141*l**3 + 2*l**2 - 1. Suppose 3*u = -5*v - 22, 0*v - v - 9 = -4*u. What is the units digit of b(u)?
2
Let f be (12/1)/4 + -2. Let q(v) = 29*v**3 + v**2 - 2*v + 1. Let d be q(f). Suppose 26 = k + 2*r, 6 - d = -k - 3*r. What is the units digit of k?
2
Let v = 24 + -19. What is the tens digit of v/((-2)/120*-4)?
7
Let j be (-9)/12 - 19/(-4). Suppose j*i - 10 = -i. What is the tens digit of i/7 + 1309/49?
2
Let v(k) = 129*k**3 + k**2 - 3*k + 3. Let a be v(1). Let m = -64 + a. What is the units digit of m?
6
Let g be -2 + 2*(-4 + 3). Let v = 7 + g. Suppose v*s + 25 - 100 = 0. What is the units digit of s?
5
What is the tens digit of (-88)/(-154) - 82098/(-21)?
1
What is the tens digit of (15/(-2))/((-180)/1200)?
5
Suppose -3*y + 2*j + 26 = y, 3*y - 42 = -3*j. Let v be (y/3 + -1)*107. Suppose 3*h - v = -91. What is the units digit of h?
1
Let w(i) = -i**2 + 6*i + 6. Let r be w(-4). Let m be r/(-8) + (-3)/12. Suppose -8*j + m*j + 32 = -c, -5*j - 2*c + 27 = 0. What is the units digit of j?
7
Let w be (-5)/1 + 10 + -2. Let c(u) = 3*u**2 - u + 8. What is the units digit of c(w)?
2
Suppose 0 = 5*f + 3*f - 880. What is the units digit of f?
0
Let b = -15 + 15. Suppose b = 3*j - 6*j + 165. What is the tens digit of j?
5
What is the hundreds digit of (-9)/(22/2772*(0 + -1))?
1
Let y be (0 + 3)/(6/8). Suppose -y*h = -5*x + 166, -4*x - 3*h = -43 - 96. Let k = 67 - x. What is the units digit of k?
3
Let r = 11 - -298. Let p = r + -173. What is the hundreds digit of p?
1
Let w be 9*1 + -2 + (-5 - -6). Suppose -w*v + 864 = v. What is the units digit of v?
6
Suppose -553*i + 560*i - 5922 = 0. What is the tens digit of i?
4
Suppose -2*u - 22 = 2*x - 5*x, x - 26 = 2*u. Let j(c) = c**2 + 8*c - 12. What is the tens digit of j(u)?
7
Suppose -u + 2*v = -v + 186, 5*v = u + 192. Let m = u - -299. What is the tens digit of m?
2
Suppose -4*n + 11 + 15 = -2*t, -t + 5 = 0. Suppose 296 = 3*z - 763. Suppose z = n*p + 83. What is the tens digit of p?
3
Let j(s) = s. Let r(g) = -10*g - 3. Let p(x) = -2*j(x) + r(x). What is the tens digit of p(-13)?
5
Suppose -112 + 327 = -5*y. Let t be 3/6 + 363/6. Let w = y + t. What is the tens digit of w?
1
Suppose -k + 5*k - 20 = 0. What is the units digit of (-1)/k + 9/(225/680)?
7
Let h(k) be the second derivative of -k**5/20 + k**4/2 - k**3/2 + 5*k**2/2 - 4*k. Let j be (24/(-18))/(2/(-6)). What is the units digit of h(j)?
5
Let z(o) = -o**3 + 2*o - o**2 + o - 6*o**2 + 6 - 5*o. Suppose 0 = 3*y - 8*y + 20, -5*a - 51 = -4*y. What is the units digit of z(a)?
0
Let p = 695 + -482. What is the hundreds di